/(-861)). Let i(p) = -p**3 - 6*p**2 + 7*p - 4. Determine i(v).
-4
Let r(y) = 4 + 7*y - y**3 + 3*y + 5*y**2 - 2*y. Let g = 263 + -257. Calculate r(g).
16
Let h(d) be the second derivative of 2*d**4/3 + d**3/6 - 306*d. Let n be -3*1 + 1 - -4. Let p be (2/(-6))/(n/6). Calculate h(p).
7
Let n(p) = -3*p - 1. Suppose -5*d - 2*s = -5*s - 46, -4*d + 5*s = -42. Suppose d*f = f - 35. Give n(f).
14
Suppose y + 3*n = -2*n - 26, -y = -2*n - 9. Let w(c) = 2*c**2 - 2*c - 1. Let f(j) = 9*j**3 - 7*j**2 + 10*j + 5. Let d(k) = -f(k) - 4*w(k). Determine d(y).
9
Let s(n) = -2*n**2 - 2*n - 2. Let t be (17/(102/36))/(-2). What is s(t)?
-14
Let f be 5/15*-3 - 1. Let j(k) = -2*k + 3. Let l(p) = -1. Let h(q) = f*l(q) - j(q). Calculate h(6).
11
Suppose -4*x = -3*n + 1, -12 = 6*n - 10*n. Let w(j) = 3*j**3 - 3*j**2 + 4*j - 2. Calculate w(x).
18
Let j be (-180)/36*(-1 + 0 - 0). Let p(b) = -b - 2*b - 2*b - 1 - j - b**2. Calculate p(-5).
-6
Let u = 1307 + -1303. Let n(o) = -o**2 + 11. Give n(u).
-5
Let h = -8 + 23. Let u be ((-40)/h)/(2/3). Let a(i) = i**2 + 3*i - 4. What is a(u)?
0
Let s be (-2 + (-1)/(-5))/((-12)/80). Suppose 4*m + s = m. Let r(t) = -2*t**2 - 6*t - 1. Calculate r(m).
-9
Let k(r) = 43*r**2 - 13*r - 41. Let v(w) = -27*w**2 + 9*w + 27. Let f(j) = -5*k(j) - 8*v(j). What is f(8)?
-3
Let v(h) = -h**2 - 4 + 4*h + 1 - 2*h**2 - h**2. Give v(2).
-11
Let i(n) = n**2 + n. Let u(y) = 4*y**2 + 5*y - 10. Let q(j) = 3*i(j) - u(j). Calculate q(-5).
-5
Let q be ((-2)/(-8))/(4 + (-62)/16). Let r(j) = -5*j**2 - 2*j + 7. Let c(h) = -6*h**2 - 2*h + 8. Let m(f) = 6*c(f) - 7*r(f). Give m(q).
-1
Suppose 0 = g - 3*x, -5*g = 5*x - 11 - 9. Let f(o) be the second derivative of o**5/20 - o**4/6 - 2*o**3/3 + o**2 - 2057*o. Calculate f(g).
-1
Let z(q) = 5 + 2*q + 15*q - 6*q - 10*q. Calculate z(-4).
1
Let u(s) = s. Let q = 59 + -53. Let c(m) = -5*m - 1. Let g(i) = q*u(i) + c(i). What is g(-9)?
-10
Let h(s) = -s + 7. Let y(p) = -8. Let m(g) = 5*h(g) + 4*y(g). Let a(i) = 2*i**2 + 3*i + 7. Let z be a(-5). Let o = 44 - z. Calculate m(o).
-7
Let a = -1538 - -1537. Let s(n) be the second derivative of n**6/720 + n**5/60 - n**4/12 + n. Let k(p) be the third derivative of s(p). What is k(a)?
1
Let f(n) = -n**3 - n**2 + n. Let g be f(0). Let t(x) = 2*x + g*x - 2 + 0*x + x. Give t(2).
4
Let x(m) = 2*m**2 + 20*m - 7. Let a be x(-11). Let p be (0 + 6/(-10))/(3/a). Let y(k) = 2*k + 2. Determine y(p).
-4
Let v(x) = -x**3 + 0*x**3 - 1 + x**2 - 2*x**2 + 3*x**3 + 2*x. Suppose -9 = -4*i - 1. Suppose -4*b = -3*f + 7, 3*f - i*b - 6 + 1 = 0. Calculate v(f).
2
Let h(d) = 4*d**2 + 0 + 2 - 3*d**2 + 2 + 8*d. Let n(z) = z**3 - 14*z**2 + 12*z + 15. Let g be n(13). Let r be 6/(-4) - 11/g. Calculate h(r).
-3
Let s(k) = k**3 - 7*k**2 + 9*k - 13. Suppose 174 = 2*n + 27*n. Give s(n).
5
Let s = 134 + -75. Let h = 58 - s. Let p(y) = 7*y**3 + y**2. Determine p(h).
-6
Suppose 11*g - 5 = -16. Let s(w) = -16*w. What is s(g)?
16
Let j(l) = -1 + 3*l + 1 + 6 - 12 + 0*l. Calculate j(6).
12
Let m(k) = -k - 2. Suppose 0*w + 2*n = -4*w, 4*w - n = 0. Suppose w + 6 = 3*d. Suppose v = -1 - d. Determine m(v).
1
Let k(x) = -4*x - 5. Let u(j) be the second derivative of -j**3/3 - j**2 - 2*j. Let c(p) = 3*k(p) - 5*u(p). Give c(-6).
7
Suppose -5*g - 15 = 2*c, g + 20 = 3*c - 0*g. Let i(u) = 0*u + 7 - 1 - 4 - c*u. Let n(x) = -x**2 - 4*x + 7. Let b be n(-5). Calculate i(b).
-8
Let k(m) = m**2 - 13*m - 37. Let d be (-685)/(-45) - (50/(-18) + 3). Give k(d).
-7
Let x(h) be the first derivative of -5*h**2/2 - 9*h + 254. What is x(-7)?
26
Let m(q) = -9*q**3 - 89*q**2 + 55*q + 159. Let i(x) = -2*x**3 - 22*x**2 + 14*x + 39. Let j(o) = 13*i(o) - 3*m(o). Give j(18).
12
Let b = 2435 + -2440. Let i(l) = l**2 + l + 1. Let t(w) = 7*w**2 + 11*w + 1. Let f(r) = 6*i(r) - t(r). Give f(b).
5
Let u(c) = 1 - 75*c**3 - 32*c**2 + 74*c**3 + 35*c**2 - c - 3*c. What is u(3)?
-11
Let n(r) = -3*r**3 + 0*r**2 - 2 - r**2 - 2*r**3 + 9*r - 8*r. Determine n(-2).
32
Let v(f) be the third derivative of f**5/30 + f**4/6 + 19*f**3/3 + 40*f**2. Let w(p) be the first derivative of v(p). Determine w(-3).
-8
Let a = 46 - 45. Let c(r) = r**2 + 23*r - a + 17*r - 37*r. Determine c(-4).
3
Let x(a) = -a - 14 - a - a**2 + a + 0*a**2 - 8*a. Calculate x(-11).
-36
Let n(b) be the third derivative of -1/20*b**5 + 0*b + 0 + 8*b**2 + 1/6*b**3 + 1/8*b**4. Calculate n(3).
-17
Let c = -21 - -16. Let a(v) = -6*v**2 - 2*v + 2. Let y(l) = 5*l**2 + l - 2. Let h(r) = -6*a(r) - 7*y(r). Give h(c).
2
Let n(f) be the first derivative of 1/4*f**4 + 7*f + 11 + 7/3*f**3 + 1/2*f**2. Determine n(-7).
0
Let m(x) = x**2 + 6*x - 5. Let u be m(1). Let r(c) = 1 - 7*c - 563*c**2 - 1 + 4 + 562*c**u. Give r(-6).
10
Let t be 2/5 - 280/(-50). Let s(n) = 3*n**2 + 9*n + 9. Let o(z) = -z**2 - 4*z - 4. Let x(f) = 5*o(f) + 2*s(f). Give x(t).
22
Let a(v) = 3*v + 4. Let x(b) = -b**3 + 17*b**2 + 84*b - 3. Let g be x(21). Determine a(g).
-5
Let z(j) = -j**2 - 4*j + 9. Let f = 69 - 75. What is z(f)?
-3
Let z(l) = -6*l - 20 - 8*l + 3*l - 9*l. Let p(o) = 7*o + 7. Let b(f) = -11*p(f) - 4*z(f). Suppose -7*c = -3*c - 2*s, -3*s - 6 = -3*c. Give b(c).
-3
Let f(n) = -n**3 + 8*n**2 - 7*n + 4. Let i be f(7). Let y be (-6)/i*-2 + 2. Let r(q) = y*q + 1 + 1 + 4*q - 3. Determine r(1).
8
Let w(q) = -q**2 + 4*q + 5. Let g(y) = 2*y + 2. Let j(u) = 7*g(u) - 3*w(u). Let i be -1 + -5 - (-13 - 27/(-3)). Give j(i).
7
Let a(i) = i - 1. Suppose -2*z - 70 = -3*g, -3*g + z + 55 = -10. Suppose v - g = 5*v, 23 = n - 4*v. What is a(n)?
2
Let f(x) = 5*x + 5. Let d(y) = 9*y + 12. Let w(q) = 4*d(q) - 7*f(q). Calculate w(-21).
-8
Let v(k) = -k**2 + 4*k + 21. Let s be (-120)/35*(-14)/6. Determine v(s).
-11
Let u(v) = -v**3 - 6*v**2 - 4*v - 3. Suppose 74 + 6 = -16*x. Calculate u(x).
-8
Let z = 30 - 21. Suppose 3*y + 0*y + z = 0. Let x(s) = -3*s. Determine x(y).
9
Let i(o) = -o**3 - o**2 - 3*o - 1. Let b(w) = 6*w**3 + 7*w**2 + 14*w + 3. Let g(j) = b(j) + 4*i(j). Determine g(-2).
-9
Let q(m) = m - 2. Suppose 0 = 2*a - 2*n - n - 69, n = -5*a + 147. Suppose p = -3*v + 23, 4*p - v + 3 = a. What is q(p)?
6
Let a be 20*(4 + -3)/4. Let v(h) = -h + 6. What is v(a)?
1
Let y(m) = -21564*m**2 + 7 + m + 4*m + 21565*m**2. Give y(-6).
13
Let w(i) = -i**2 + i - 1. Let m(p) = -p + 4. Suppose -5*k = 2*l - 19, 0*k + k = 2*l - 37. Let b = l - 13. Let t be m(b). What is w(t)?
-1
Let a(q) = -57*q - 167. Let n be a(-3). Let y(v) = -v**2 + 4*v + 5. Determine y(n).
5
Let p(q) = -15*q + 3*q - 9 + 10 - 4 + 10*q. What is p(-3)?
3
Let w(j) = -2*j - 2*j - 2*j + j - 2*j**2 - 2. Suppose r = -3*x - 25 + 7, 3*r + 29 = -4*x. Determine w(r).
-5
Let u(m) = -2*m**3 + m**2 + 8*m**3 + 0*m**2 + m. Suppose 12*v - v - 55 = 0. Let g be (v/(-10))/(5/10). What is u(g)?
-6
Let z(b) = 2*b**2 - 27*b + 7. Let h(n) = -2*n**3 + 6*n**2 + 23*n + 19. Let a be h(-2). Calculate z(a).
-6
Let y(x) be the first derivative of 7 - 1/4*x**4 - 7/3*x**3 - 3*x**2 - 9*x. Suppose -2*w + u - 17 = 0, -5*w + 1 = -w + 5*u. What is y(w)?
-9
Let o(j) = 8*j - 16. Let s(h) = 11*h. Let r(a) = o(a) - s(a). Calculate r(-6).
2
Let a(n) = n**2 - 2*n - 2. Let c(l) = l - 2. Let q be c(4). Let g be a(q). Let m(v) be the second derivative of -v**5/20 - v**4/6 - v**3/2 + v. What is m(g)?
6
Let n(b) = b**2 + 5*b + 3. Suppose -29 - 76 = -7*f. Suppose 0*j = -5*j - f. Calculate n(j).
-3
Let u(h) = -h**3 - 14*h**2 + 17*h + 20. Let x be (6 - -4)*30/(-20). Calculate u(x).
-10
Let h(u) = u**3 - 5*u**2 + u. Suppose -14*m + 28 = -28. What is h(m)?
-12
Let t(h) = 3*h - 4. Let i(a) = -8*a + 11. Let w(q) = 4*i(q) + 11*t(q). Let n be (-1)/5 - (-93)/15. Let x = 9 - n. Determine w(x).
3
Let j(x) = -x - 10. Suppose -93*k + 73*k = 100. Give j(k).
-5
Let w = -116 + 118. Let f(a) = -2108*a - a**w + 2108*a + 4. What is f(0)?
4
Let d(l) = 1956 - 980 + 4*l - 978. Calculate d(6).
22
Let v(q) = 8*q - 72 - q**2 - 45 + 123. What is v(9)?
-3
Let j(q) be the third derivative of 5*q**4/12 + 2*q**3/3 - 2*q**2 - 2*q. Calculate j(-5).
-46
Let u(x) = 47*x**3 - 9*x**2 - 48*x**3 + 14*x**2 + 4*x. Let v be (-6 - -3)*(-1 + -1). Determine u(v).
-12
Let g(p) = -p. Let b(f) = -f + 1. Let h(l) = -6*l - 18. Let v(x) = 4*b(x) - h(x). Let o be v(-9). Determine g(o).
-4
Let i be (-1)/(3 - (-78)/(-27)). Let p(u) = -u**2 - 10*u. Let x be p(i). Let v(m) = -2*m - 22*m**2 + 12*m**2 + 3 + x*m**2.